 2*z + 30 = -3*z. Let k = p - z. What is the highest common factor of 33 and k?
3
Let v be (10/(-35) - 44/(-7)) + 404. What is the highest common factor of v and 30?
10
Let m be (37 - 4) + 5 + 6. Let s be 109 + (-2 + 1)/(-1). Calculate the highest common divisor of m and s.
22
Let j be 2*(-1 + 0) + 6 + 18. Calculate the highest common divisor of j and 132.
22
Suppose 0 = 6*t + 2441 - 329. Let v be (-3 - 2)*t/10. What is the greatest common factor of 16 and v?
16
Let j be (-23)/5 - 6/15. Let o = 30 + j. Suppose 0 = -2*w - 4*u + 12, 3*w + u - o = -2. Calculate the highest common divisor of w and 72.
8
Suppose -115*f = -112*f - 2*i - 54, 2*f - 26 = -2*i. Let t be (-1290)/(-27) + (-2)/(-9). Calculate the greatest common factor of t and f.
16
Let t be 0 - (0 - (1 - 3)). Let a be (t/(-6))/(1/(-1 + 76)). What is the greatest common divisor of a and 100?
25
Suppose 3*w - b + 0*b + 117 = 0, -12 = 4*b. Let a = w + 47. Calculate the greatest common factor of 14 and a.
7
Suppose -5*c + 174 - 1429 = 0. Let k = c - -422. What is the greatest common factor of k and 9?
9
Let z(i) be the third derivative of -i**5/60 - 25*i**4/24 - 4*i**3/3 + 14*i**2. Let p be z(-24). What is the greatest common factor of 128 and p?
16
Let u(z) = 2*z**2 + 2*z - 6. Let v be u(-5). Let t(c) = -66*c**2 - 399*c - 1. Let y be t(-6). What is the greatest common divisor of v and y?
17
Suppose -10 = 2*b, 0 = y - 2*b + 4*b + 4. Let a be 18*(-7)/(-2)*y/18. Calculate the highest common factor of 21 and a.
21
Let z be 33/18 + (-4)/(-24). What is the greatest common divisor of 14 and z?
2
Let f(j) = -28*j**3 + 4*j**2 + 13*j + 20. Let s be f(-2). Calculate the greatest common factor of 156 and s.
78
Suppose -t = -2*t - 5*j + 16, -2 = 2*j. What is the greatest common divisor of t and 357?
21
Let o(n) = 6*n - 15. Suppose -25 = -5*a, 5*a - 4 = 3*j - 0*a. Let v be o(j). What is the highest common divisor of 3 and v?
3
Let y = 30 - -40. Let g = -22 + y. Let v(x) = -15*x + 1. Let r be v(-1). What is the greatest common factor of g and r?
16
Suppose 0*w + 2*w - 28 = 0. Suppose -c - 250 = -6*c. Let k = c + -8. What is the greatest common divisor of w and k?
14
Let c = -7 + 27. What is the greatest common factor of 1140 and c?
20
Suppose b = 4*z + 101, -3*z + 386 = 3*b + 68. What is the highest common factor of b and 45?
15
Let z = -14893 + 14919. Suppose w - 101 = -36. What is the highest common factor of z and w?
13
Let w be (-132)/(-99) - (-311)/3. Let s = 20 - 5. Calculate the greatest common divisor of w and s.
15
Suppose a = -0*f - 5*f + 1, 0 = 3*f + 2*a + 5. Let d(w) = -2*w + 5. Let q be d(-2). Let y = q + f. What is the greatest common factor of 50 and y?
10
Let r = -1307 - -1323. Let b = -105 - -281. What is the highest common factor of b and r?
16
Suppose -4301 - 7289 = -10*v. What is the greatest common factor of v and 19?
19
Suppose 0 = 3*r + 3*d - 4 - 11, -10 = -2*d. Suppose r = -2*f + 41 - 25. What is the greatest common factor of 12 and f?
4
Let x = 24 + -19. Suppose 0 = -x*k + 3*k + 90. Calculate the highest common factor of k and 5.
5
Let i = 168 + -105. What is the highest common divisor of i and 56?
7
Let c(t) = -10 + 3*t**3 - 6*t**3 - t**3 + 9*t**2 + 10*t + 3*t**3. Let d be c(9). Suppose 5*q - 33 = 47. Calculate the highest common divisor of d and q.
16
Suppose -z + 312 - 15 = 0. Let w(r) = 3*r**2 - 15*r - 9. Let k be w(7). What is the highest common factor of k and z?
33
Let z(q) = 9*q + 10. Let p(a) = -8*a - 9. Let i(f) = 3*p(f) + 2*z(f). Let x be i(-3). Calculate the highest common divisor of 209 and x.
11
Let r(z) be the third derivative of -z**5/60 + 17*z**4/24 + 19*z**3/3 + 20*z**2. Let f be r(18). What is the highest common factor of 5 and f?
5
Suppose 40*q = 78 + 1722. What is the highest common divisor of q and 15?
15
Suppose 2*s - 144 = -4*q, 72 = 2*q - 0*q + 5*s. Suppose 0 = -3*h + 5*b + 226, -4*b + 210 = 3*h - b. What is the greatest common divisor of q and h?
36
Let f be 4 - -2*72/(-4)*-1. Calculate the highest common divisor of f and 10.
10
Let x(c) = -c**3 + 6*c**2 + c - 6. Let f be x(6). Let n be -5*(f + (-6)/5). Let o be -9*((-14)/3 - 0). Calculate the greatest common factor of o and n.
6
Let r(a) = a + 2. Let o be r(4). Let t(c) = -c**3 + 18*c**2 - 13*c - 62. Let z be t(17). What is the greatest common divisor of z and o?
6
Let v = 1038 - 1035. Let b(c) = c**2 + 3*c + 2. Let f be b(-3). Calculate the greatest common divisor of f and v.
1
Suppose -6*p = -p. Suppose p = 9*u - 3*u - 756. Calculate the highest common factor of 28 and u.
14
Let f = 241 + -129. Calculate the greatest common factor of f and 56.
56
Let o be 13/39 - (-47)/3. What is the highest common factor of 128 and o?
16
Let b = -899 + 1279. Calculate the highest common divisor of 152 and b.
76
Suppose -6 = 3*o, -2*o - 3 + 7 = 4*z. Suppose -z*v + 5 = -19. What is the greatest common divisor of v and 12?
12
Let s = 737 - 677. Calculate the highest common factor of 84 and s.
12
Let q = -66 + 114. What is the greatest common divisor of 168 and q?
24
Suppose -j + 85 = -115. Suppose -32*g - j = -34*g. Calculate the greatest common factor of 50 and g.
50
Suppose 62 = 3*s + 4*v, -72 = 18*s - 20*s + 5*v. Calculate the greatest common divisor of 377 and s.
13
Let r be 2/(-4) + (-13)/(-2) + -4. Let y be (r - 24)/(-1) - 0. Calculate the greatest common divisor of y and 198.
22
Let d(l) = l + 5. Let r = 6 + -1. Let h be d(r). Suppose 34 = 3*w + h. What is the greatest common divisor of 56 and w?
8
Let k be 5 + (2/9 - (-6809)/99). What is the greatest common factor of 851 and k?
37
Let x = -147 - -245. Let a(i) = -i**2 + 6*i + 1. Let p be a(7). Let r = p + 20. What is the highest common divisor of x and r?
14
Let u(k) = k**3 + 0 - 8 - 10*k + 3*k**2 + 2*k**2. Let n be u(-6). Let z(m) = 4*m**2 + 5*m + 62. Let h be z(-6). Calculate the greatest common factor of h and n.
16
Let g be -1*5/20 - 2595/(-12). What is the greatest common factor of 9 and g?
9
Suppose -2*m = g + 6, 4*m + 24 = g + 6. Suppose -g = 4*y - 10. Let q be (-5)/(-2) - 2/4. What is the greatest common factor of q and y?
2
Let t be (-73)/(-5) - (-48)/120. Let w = 10 - 7. What is the highest common divisor of t and w?
3
Suppose 7*p - 10 + 17 = 0. Let i be (53 - 0) + 2 + p. Calculate the highest common factor of 18 and i.
18
Let b be 3 - 1/(3/(-3)). Suppose -b*c = -227 + 35. Let v = -72 + 104. What is the highest common divisor of v and c?
16
Suppose 13*f = 9*f + 64. Let j = 20 + -11. Suppose 79 = 6*p - 2*p - 3*l, j = -p - 5*l. What is the highest common factor of f and p?
16
Let u = 2 + 5. Suppose j = -u*b + 4*b + 54, 0 = 2*j. Calculate the highest common divisor of b and 45.
9
Let j be 45*(238/21 + -4). What is the highest common divisor of 11 and j?
11
Suppose 62 = 4*u + 3*v - 0*v, 0 = v + 2. Let w = u + -10. Suppose w*o = 5*o + 42. What is the greatest common divisor of o and 3?
3
Let j(o) = -o - 1. Let b be j(-3). Let i be (15/2)/((-48)/64)*3/(-6). What is the greatest common factor of i and b?
1
Let i = 593 + -429. What is the highest common factor of i and 4?
4
Suppose -r = -4*r + 27. Suppose -4*o + 2*p + 5 + 25 = 0, -54 = -5*o - 3*p. What is the greatest common factor of o and r?
9
Suppose -4*o + 9*o = -4*m + 29, 5*o + 13 = 3*m. Suppose -2*h + m + 8 = 0. What is the greatest common divisor of h and 7?
7
Let x(l) = 2*l**2 - 28*l + 38. Let m be x(15). What is the highest common divisor of m and 119?
17
Let m be (-13)/(-1 + -2 + 2). Suppose 2*z - 16 = -8. Suppose -10 = -2*y - z*a, 5*y - 3*a - 37 - 40 = 0. Calculate the highest common factor of y and m.
13
Let n(k) = k**3 + 5*k**2 - 6*k + 8. Let o be n(-6). Let x be (-10)/((1/o)/((-8)/16)). What is the greatest common factor of x and 10?
10
Suppose -17 - 67 = -4*r. Suppose 2*n = 4*d - 22, 0 = -2*n - 2. Let v = d + -2. Calculate the highest common factor of v and r.
3
Suppose 2*i + 9 = -29. Let z = i + 24. Calculate the greatest common divisor of z and 5.
5
Suppose -14*v = -0*v - 210. What is the highest common factor of 10 and v?
5
Let m be (2950/(-177))/(1/(-45)). Calculate the highest common factor of 10 and m.
10
Let x = -4 - -732. What is the greatest common divisor of 168 and x?
56
Let j = 140 + -114. Calculate the greatest common factor of j and 65.
13
Suppose 1 = -7*b + 197. What is the hi